{"id":92,"date":"2022-11-02T18:09:40","date_gmt":"2022-11-02T15:09:40","guid":{"rendered":"http:\/\/demo2.mehmetulus.com.tr\/?post_type=product&#038;p=92"},"modified":"2022-11-02T23:09:52","modified_gmt":"2022-11-02T20:09:52","slug":"extra-virgin-olive-oil","status":"publish","type":"product","link":"https:\/\/demo2.mehmetulus.com.tr\/?product=extra-virgin-olive-oil","title":{"rendered":"Tavananna So\u011fuk S\u0131k\u0131m S\u0131zma Zeytinya\u011f\u0131 1000 ml"},"content":{"rendered":"<p>Tavananna So\u011fuk S\u0131k\u0131m S\u0131zma Zeytinya\u011f\u0131 1000 ml Markam\u0131z &#8216;TAVANANNA&#8217; ismini Anadolu&#8217;nun en \u00f6nemli medeniyetlerinden Hititlerin kral e\u015flerine verilen unvandan almaktad\u0131r. Zeytinya\u011f\u0131, z eytin a\u011fac\u0131n\u0131n do\u011fdu\u011fu Anadolu k\u00fclt\u00fcr\u00fcn\u00fcn en eski zamanlar\u0131ndan beri \u00f6nemli par\u00e7alar\u0131ndan biri olmu\u015ftur. TAVANANNA zeytinya\u011f\u0131, Spil Da\u011f\u0131 eteklerinde Ege meltemleri ile beslenen zeytin a\u011fa\u00e7lar\u0131n\u0131n tam istedi\u011fi iklimi ta\u015f\u0131yan do\u011fa ko\u015fullar\u0131n\u0131n getirdi\u011fi avantajla nefaset ve asit oranlar\u0131n\u0131n \u00e7ok iyi korundu\u011fu Kemalpa\u015fa y\u00f6resinde yeti\u015fen mahsulden \u00fcretilmi\u015ftir. Zeytinya\u011flar\u0131m\u0131z\u0131n tamam\u0131, bu y\u00f6redeki kendi tarlalar\u0131m\u0131zda yeti\u015fen zeytinlerin yine kendi fabrikam\u0131zda i\u015flenmesi ile elde edilmi\u015f so\u011fuk s\u0131k\u0131m nat\u00fcrel zeytinya\u011f\u0131d\u0131r.<\/p>\n<p>Markam\u0131z\u0131n hedefi ve g\u00f6revi kaliteli ve do\u011fal zeytinya\u011f\u0131m\u0131z\u0131 \u00fclkemizde \u00fcreterek t\u00fcm d\u00fcnyaya sunmakt\u0131r. \u00dcr\u00fcn\u00fcm\u00fcz Tayvan ve Japonya&#8217;da t\u00fcm g\u0131da testlerini ge\u00e7erek kalitesiyle marketlerde ve se\u00e7kin restaurantlar\u0131nda yerini alm\u0131\u015ft\u0131r.<\/p>\n","protected":false},"excerpt":{"rendered":"<p>Tavananna So\u011fuk S\u0131k\u0131m S\u0131zma Zeytinya\u011f\u0131 3X500 mlMarkam\u0131z &#8216;TAVANANNA&#8217; ismini Anadolu&#8217;nun en \u00f6nemli medeniyetlerinden Hititlerin kral e\u015flerine verilen unvandan almaktad\u0131r. Zeytinya\u011f\u0131, z eytin a\u011fac\u0131n\u0131n do\u011fdu\u011fu Anadolu k\u00fclt\u00fcr\u00fcn\u00fcn en eski zamanlar\u0131ndan beri \u00f6nemli par\u00e7alar\u0131ndan biri olmu\u015ftur.<\/p>\n","protected":false},"featured_media":118,"template":"","meta":{"_kad_post_transparent":"default","_kad_post_title":"","_kad_post_layout":"default","_kad_post_sidebar_id":"","_kad_post_content_style":"default","_kad_post_vertical_padding":"default","_kad_post_feature":"","_kad_post_feature_position":"","_kad_post_header":false,"_kad_post_footer":false},"product_cat":[16],"product_tag":[],"class_list":{"0":"post-92","1":"product","2":"type-product","3":"status-publish","4":"has-post-thumbnail","6":"product_cat-genel","8":"first","9":"instock","10":"sale","11":"shipping-taxable","12":"purchasable","13":"product-type-simple","14":"entry","15":"content-bg","16":"loop-entry"},"_links":{"self":[{"href":"https:\/\/demo2.mehmetulus.com.tr\/index.php?rest_route=\/wp\/v2\/product\/92","targetHints":{"allow":["GET"]}}],"collection":[{"href":"https:\/\/demo2.mehmetulus.com.tr\/index.php?rest_route=\/wp\/v2\/product"}],"about":[{"href":"https:\/\/demo2.mehmetulus.com.tr\/index.php?rest_route=\/wp\/v2\/types\/product"}],"wp:featuredmedia":[{"embeddable":true,"href":"https:\/\/demo2.mehmetulus.com.tr\/index.php?rest_route=\/wp\/v2\/media\/118"}],"wp:attachment":[{"href":"https:\/\/demo2.mehmetulus.com.tr\/index.php?rest_route=%2Fwp%2Fv2%2Fmedia&parent=92"}],"wp:term":[{"taxonomy":"product_cat","embeddable":true,"href":"https:\/\/demo2.mehmetulus.com.tr\/index.php?rest_route=%2Fwp%2Fv2%2Fproduct_cat&post=92"},{"taxonomy":"product_tag","embeddable":true,"href":"https:\/\/demo2.mehmetulus.com.tr\/index.php?rest_route=%2Fwp%2Fv2%2Fproduct_tag&post=92"}],"curies":[{"name":"wp","href":"https:\/\/api.w.org\/{rel}","templated":true}]}}