{"id":143,"date":"2022-11-04T06:36:44","date_gmt":"2022-11-04T03:36:44","guid":{"rendered":"http:\/\/demo2.mehmetulus.com.tr\/?page_id=143"},"modified":"2022-11-04T07:37:12","modified_gmt":"2022-11-04T04:37:12","slug":"sertifikalarimiz","status":"publish","type":"page","link":"https:\/\/demo2.mehmetulus.com.tr\/?page_id=143","title":{"rendered":"Sertifikalar\u0131m\u0131z"},"content":{"rendered":"<style id=\"kb-rowlayout_b1e47b-44\">#kt-layout-id_b1e47b-44 > .kt-row-column-wrap{max-width:1139px;margin-left:auto;margin-right:auto;}<\/style>\n<div class=\"wp-block-kadence-rowlayout aligncenter\"><div id=\"kt-layout-id_b1e47b-44\" class=\"kt-row-layout-inner kt-layout-id_b1e47b-44\"><div class=\"kt-row-column-wrap kt-has-1-columns kt-gutter-default kt-v-gutter-default kt-row-valign-middle kt-row-layout-equal kt-tab-layout-inherit kt-m-colapse-left-to-right kt-mobile-layout-row\"><style id=\"kb-column_a68b35-db\">.wp-block-kadence-column.kadence-column_a68b35-db > .kt-inside-inner-col{margin-bottom:60px;}.kadence-column_a68b35-db > .kt-inside-inner-col{display:flex;flex-direction:row;flex-wrap:wrap;align-items:center;justify-content:center;gap:10px;}.kadence-column_a68b35-db > .kt-inside-inner-col > *, .kadence-column_a68b35-db > .kt-inside-inner-col > figure.wp-block-image, .kadence-column_a68b35-db > .kt-inside-inner-col > figure.wp-block-kadence-image{margin-top:0px;margin-bottom:0px;}<\/style>\n<div class=\"wp-block-kadence-column inner-column-1 kadence-column_a68b35-db kb-section-dir-horizontal\"><div class=\"kt-inside-inner-col\">\n<div class=\"wp-block-columns is-layout-flex wp-container-core-columns-is-layout-9d6595d7 wp-block-columns-is-layout-flex\">\n<div class=\"wp-block-column is-vertically-aligned-top is-layout-flow wp-block-column-is-layout-flow\"><style id=\"kb-advancedheading_69f7fa-c5\">#kt-adv-heading_69f7fa-c5, #kt-adv-heading_69f7fa-c5 .wp-block-kadence-advancedheading, .wp-block-kadence-advancedheading.kt-adv-heading_69f7fa-c5[data-kb-block=\"kb-adv-heading_69f7fa-c5\"], .kadence-advanced-heading-wrapper .kt-adv-heading_69f7fa-c5[data-kb-block=\"kb-adv-heading_69f7fa-c5\"]{text-align:right;font-size:46px;line-height:50px;font-weight:700;font-family:Montserrat;}<\/style>\n<h2 class=\"kt-adv-heading_69f7fa-c5 wp-block-kadence-advancedheading\" data-kb-block=\"kb-adv-heading_69f7fa-c5\">GIDA G\u00dcVENL\u0130\u011e\u0130<br>Y\u00d6NET\u0130M S\u0130STEM\u0130<\/h2>\n\n\n\n<p class=\"has-text-align-right\">\u015eirketimiz bir kalite g\u00fcvence sistemi uygulamaktad\u0131r ve ISO 22000:2005 g\u0131da kalite g\u00fcvence sistemleri sertifikas\u0131na sahiptir.<\/p>\n\n\n<style id=\"kb-advancedbtn_5c1d04-72\">.kt-btns_5c1d04-72 .kt-btn-wrap-0{margin-right:5px;}.rtl .kt-btns_5c1d04-72 .kt-btn-wrap-0{margin-left:5px;margin-right:0px;}.wp-block-kadence-advancedbtn.kt-btns_5c1d04-72 .kt-btn-wrap-0 .kt-button{color:var(--global-palette9, #ffffff);background:#c0a375;border-color:#c0a375;}.wp-block-kadence-advancedbtn.kt-btns_5c1d04-72 .kt-btn-wrap-0 .kt-button:hover, .wp-block-kadence-advancedbtn.kt-btns_5c1d04-72 .kt-btn-wrap-0 .kt-button:focus{color:#ffffff;border-color:#444444;}.wp-block-kadence-advancedbtn.kt-btns_5c1d04-72 .kt-btn-wrap-0 .kt-button::before{display:none;}.wp-block-kadence-advancedbtn.kt-btns_5c1d04-72 .kt-btn-wrap-0 .kt-button:hover, .wp-block-kadence-advancedbtn.kt-btns_5c1d04-72 .kt-btn-wrap-0 .kt-button:focus{background:#444444;}<\/style>\n<div class=\"wp-block-kadence-advancedbtn kt-btn-align-right kt-btn-tablet-align-inherit kt-btn-mobile-align-inherit kt-btns-wrap kt-btns_5c1d04-72\"><div class=\"kt-btn-wrap kt-btn-wrap-0\"><a class=\"kt-button button kt-btn-0-action kt-btn-size-standard kt-btn-style-basic kt-btn-svg-show-always kt-btn-has-text-true kt-btn-has-svg-false\" href=\"https:\/\/www.tavananna.com\/assets\/files\/01_S%20E%20R%20T%20%C4%B0%20F%20%C4%B0%20K%20A%20-%20TAVANANNA%20-AL%C4%B0%20SAVRAN%20%20-%20%2022000%20-JAS%20-%202019.pdf\"><span class=\"kt-btn-inner-text\">SERT\u0130F\u0130KALARI \u0130NCELE<\/span><\/a><\/div><\/div>\n<\/div>\n\n\n\n<div class=\"wp-block-column is-vertically-aligned-center is-layout-flow wp-block-column-is-layout-flow\"><style id=\"kb-image_a7b382-1e\">.kb-image_a7b382-1e.kb-image-is-ratio-size, .kb-image_a7b382-1e .kb-image-is-ratio-size{max-width:485px;width:100%;}.kb-image_a7b382-1e figure{max-width:485px;}<\/style>\n<div class=\"wp-block-kadence-image kb-image_a7b382-1e\"><figure class=\"aligncenter size-full\"><img loading=\"lazy\" decoding=\"async\" width=\"512\" height=\"302\" src=\"http:\/\/demo2.mehmetulus.com.tr\/wp-content\/uploads\/2022\/11\/iso-22000-sertifikasi.jpg\" alt=\"\" class=\"kb-img wp-image-148\" srcset=\"https:\/\/demo2.mehmetulus.com.tr\/wp-content\/uploads\/2022\/11\/iso-22000-sertifikasi.jpg 512w, https:\/\/demo2.mehmetulus.com.tr\/wp-content\/uploads\/2022\/11\/iso-22000-sertifikasi-300x177.jpg 300w, https:\/\/demo2.mehmetulus.com.tr\/wp-content\/uploads\/2022\/11\/iso-22000-sertifikasi-420x248.jpg 420w, https:\/\/demo2.mehmetulus.com.tr\/wp-content\/uploads\/2022\/11\/iso-22000-sertifikasi-414x244.jpg 414w\" sizes=\"auto, (max-width: 512px) 100vw, 512px\" \/><\/figure><\/div>\n<\/div>\n<\/div>\n<\/div><\/div>\n<\/div><\/div><\/div>\n\n\n<style id=\"kb-rowlayout_c4c006-09\">#kt-layout-id_c4c006-09{margin-bottom:60px;}#kt-layout-id_c4c006-09 > .kt-row-column-wrap{max-width:1140px;margin-left:auto;margin-right:auto;}<\/style>\n<div class=\"wp-block-kadence-rowlayout alignnone\"><div id=\"kt-layout-id_c4c006-09\" class=\"kt-row-layout-inner kt-layout-id_c4c006-09\"><div class=\"kt-row-column-wrap kt-has-2-columns kt-gutter-default kt-v-gutter-default kt-row-valign-middle kt-row-layout-equal kt-tab-layout-inherit kt-m-colapse-left-to-right kt-mobile-layout-row\">\n<div class=\"wp-block-kadence-column inner-column-1 kadence-column_a3e9d4-3a\"><div class=\"kt-inside-inner-col\"><style id=\"kb-image_7fd70a-5b\">.kb-image_7fd70a-5b.kb-image-is-ratio-size, .kb-image_7fd70a-5b .kb-image-is-ratio-size{max-width:420px;width:100%;}.kb-image_7fd70a-5b figure{max-width:420px;}<\/style>\n<div class=\"wp-block-kadence-image kb-image_7fd70a-5b\"><figure class=\"aligncenter size-full\"><img loading=\"lazy\" decoding=\"async\" width=\"600\" height=\"445\" src=\"http:\/\/demo2.mehmetulus.com.tr\/wp-content\/uploads\/2022\/11\/halal-certificate.jpg\" alt=\"\" class=\"kb-img wp-image-151\" srcset=\"https:\/\/demo2.mehmetulus.com.tr\/wp-content\/uploads\/2022\/11\/halal-certificate.jpg 600w, https:\/\/demo2.mehmetulus.com.tr\/wp-content\/uploads\/2022\/11\/halal-certificate-300x223.jpg 300w, https:\/\/demo2.mehmetulus.com.tr\/wp-content\/uploads\/2022\/11\/halal-certificate-420x312.jpg 420w, https:\/\/demo2.mehmetulus.com.tr\/wp-content\/uploads\/2022\/11\/halal-certificate-414x307.jpg 414w\" sizes=\"auto, (max-width: 600px) 100vw, 600px\" \/><\/figure><\/div>\n<\/div><\/div>\n\n\n\n<div class=\"wp-block-kadence-column inner-column-2 kadence-column_468e4c-92\"><div class=\"kt-inside-inner-col\"><style id=\"kb-advancedheading_34b238-0e\">#kt-adv-heading_34b238-0e, #kt-adv-heading_34b238-0e .wp-block-kadence-advancedheading, .wp-block-kadence-advancedheading.kt-adv-heading_34b238-0e[data-kb-block=\"kb-adv-heading_34b238-0e\"], .kadence-advanced-heading-wrapper .kt-adv-heading_34b238-0e[data-kb-block=\"kb-adv-heading_34b238-0e\"]{text-align:left;font-size:46px;line-height:50px;font-weight:700;font-family:Montserrat;}<\/style>\n<h2 class=\"kt-adv-heading_34b238-0e wp-block-kadence-advancedheading\" data-kb-block=\"kb-adv-heading_34b238-0e\">HELAL GIDA<br>BELGES\u0130<\/h2>\n\n\n<style id=\"kb-advancedheading_7951c0-79\">#kt-adv-heading_7951c0-79, #kt-adv-heading_7951c0-79 .wp-block-kadence-advancedheading, .wp-block-kadence-advancedheading.kt-adv-heading_7951c0-79[data-kb-block=\"kb-adv-heading_7951c0-79\"], .kadence-advanced-heading-wrapper .kt-adv-heading_7951c0-79[data-kb-block=\"kb-adv-heading_7951c0-79\"]{text-align:left;}#kt-adv-heading_7951c0-79 mark, #kt-adv-heading_7951c0-79 .wp-block-kadence-advancedheading mark, .kt-adv-heading_7951c0-79[data-kb-block=\"kb-adv-heading_7951c0-79\"] mark{padding:0px 0px 0px 0px;}<\/style>\n<p class=\"kt-adv-heading_7951c0-79 wp-block-kadence-advancedheading\" data-kb-block=\"kb-adv-heading_7951c0-79\">Tavananna, HELAL INTERNATIONAL AUTHORITY&#8217;den (HIA) bir denetime tabi tutuldu ve ard\u0131ndan \u015firkete, \u015firket \u00fcr\u00fcnleri ve s\u00fcre\u00e7leri i\u00e7in HELAL sertifikas\u0131 (\u0130slam&#8217;a g\u00f6re safl\u0131\u011f\u0131n tan\u0131m\u0131) verildi.<\/p>\n\n\n<style id=\"kb-advancedbtn_e5dc0a-54\">.kt-btns_e5dc0a-54 .kt-btn-wrap-0{margin-right:5px;}.rtl .kt-btns_e5dc0a-54 .kt-btn-wrap-0{margin-left:5px;margin-right:0px;}.wp-block-kadence-advancedbtn.kt-btns_e5dc0a-54 .kt-btn-wrap-0 .kt-button{color:var(--global-palette9, #ffffff);background:#c0a375;border-color:#c0a375;}.wp-block-kadence-advancedbtn.kt-btns_e5dc0a-54 .kt-btn-wrap-0 .kt-button:hover, .wp-block-kadence-advancedbtn.kt-btns_e5dc0a-54 .kt-btn-wrap-0 .kt-button:focus{color:#ffffff;border-color:#444444;}.wp-block-kadence-advancedbtn.kt-btns_e5dc0a-54 .kt-btn-wrap-0 .kt-button::before{display:none;}.wp-block-kadence-advancedbtn.kt-btns_e5dc0a-54 .kt-btn-wrap-0 .kt-button:hover, .wp-block-kadence-advancedbtn.kt-btns_e5dc0a-54 .kt-btn-wrap-0 .kt-button:focus{background:#444444;}<\/style>\n<div class=\"wp-block-kadence-advancedbtn kt-btn-align-left kt-btn-tablet-align-inherit kt-btn-mobile-align-inherit kt-btns-wrap kt-btns_e5dc0a-54\"><div class=\"kt-btn-wrap kt-btn-wrap-0\"><a class=\"kt-button button kt-btn-0-action kt-btn-size-standard kt-btn-style-basic kt-btn-svg-show-always kt-btn-has-text-true kt-btn-has-svg-false\" href=\"https:\/\/www.tavananna.com\/assets\/files\/02_S%20E%20R%20T%20%C4%B0%20F%20%C4%B0%20K%20A%20-%20TAVANANNA%20-AL%C4%B0%20SAVRAN%20%20-%20%20HALAL-%202019%20(1).pdf\"><span class=\"kt-btn-inner-text\">SERT\u0130F\u0130KALARI \u0130NCELE<\/span><\/a><\/div><\/div>\n<\/div><\/div>\n<\/div><\/div><\/div>\n\n\n\n<div class=\"wp-block-kadence-rowlayout aligncenter\"><div id=\"kt-layout-id_2c5832-2e\" class=\"kt-row-layout-inner kt-layout-id_2c5832-2e\"><div class=\"kt-row-column-wrap kt-has-2-columns kt-gutter-default kt-v-gutter-default kt-row-valign-middle kt-row-layout-equal kt-tab-layout-inherit kt-m-colapse-left-to-right kt-mobile-layout-row\">\n<div class=\"wp-block-kadence-column inner-column-1 kadence-column_177e62-59\"><div class=\"kt-inside-inner-col\"><style id=\"kb-advancedheading_f42de3-1f\">#kt-adv-heading_f42de3-1f, #kt-adv-heading_f42de3-1f .wp-block-kadence-advancedheading, .wp-block-kadence-advancedheading.kt-adv-heading_f42de3-1f[data-kb-block=\"kb-adv-heading_f42de3-1f\"], .kadence-advanced-heading-wrapper .kt-adv-heading_f42de3-1f[data-kb-block=\"kb-adv-heading_f42de3-1f\"]{text-align:right;font-size:46px;line-height:50px;font-weight:700;font-family:Montserrat;}<\/style>\n<h2 class=\"kt-adv-heading_f42de3-1f wp-block-kadence-advancedheading\" data-kb-block=\"kb-adv-heading_f42de3-1f\">ZEYT\u0130NYA\u011eI ANAL\u0130Z<br>SONU\u00c7LARI<\/h2>\n\n\n<style id=\"kb-advancedheading_7c3b6b-d9\">#kt-adv-heading_7c3b6b-d9, #kt-adv-heading_7c3b6b-d9 .wp-block-kadence-advancedheading, .wp-block-kadence-advancedheading.kt-adv-heading_7c3b6b-d9[data-kb-block=\"kb-adv-heading_7c3b6b-d9\"], .kadence-advanced-heading-wrapper .kt-adv-heading_7c3b6b-d9[data-kb-block=\"kb-adv-heading_7c3b6b-d9\"]{text-align:right;}<\/style>\n<p class=\"kt-adv-heading_7c3b6b-d9 wp-block-kadence-advancedheading\" data-kb-block=\"kb-adv-heading_7c3b6b-d9\">100 gr zeytinya\u011f\u0131ndaki &#8220;oleik asit&#8221; y\u00fczdesinin belirlenmesidir. % 1&#8217;e kadar asit i\u00e7eri\u011fine sahip zeytinya\u011f\u0131na &#8220;s\u0131zma&#8221; denir.<\/p>\n\n\n<style id=\"kb-advancedbtn_45a4c3-d7\">.kt-btns_45a4c3-d7 .kt-btn-wrap-0{margin-right:5px;}.rtl .kt-btns_45a4c3-d7 .kt-btn-wrap-0{margin-left:5px;margin-right:0px;}.wp-block-kadence-advancedbtn.kt-btns_45a4c3-d7 .kt-btn-wrap-0 .kt-button{color:var(--global-palette9, #ffffff);background:#c0a375;border-color:#c0a375;}.wp-block-kadence-advancedbtn.kt-btns_45a4c3-d7 .kt-btn-wrap-0 .kt-button:hover, .wp-block-kadence-advancedbtn.kt-btns_45a4c3-d7 .kt-btn-wrap-0 .kt-button:focus{color:#ffffff;border-color:#444444;}.wp-block-kadence-advancedbtn.kt-btns_45a4c3-d7 .kt-btn-wrap-0 .kt-button::before{display:none;}.wp-block-kadence-advancedbtn.kt-btns_45a4c3-d7 .kt-btn-wrap-0 .kt-button:hover, .wp-block-kadence-advancedbtn.kt-btns_45a4c3-d7 .kt-btn-wrap-0 .kt-button:focus{background:#444444;}<\/style>\n<div class=\"wp-block-kadence-advancedbtn kt-btn-align-right kt-btn-tablet-align-inherit kt-btn-mobile-align-inherit kt-btns-wrap kt-btns_45a4c3-d7\"><div class=\"kt-btn-wrap kt-btn-wrap-0\"><a class=\"kt-button button kt-btn-0-action kt-btn-size-standard kt-btn-style-basic kt-btn-svg-show-always kt-btn-has-text-true kt-btn-has-svg-false\" href=\"https:\/\/www.tavananna.com\/assets\/files\/report.pdf\"><span class=\"kt-btn-inner-text\">RAPORLARI G\u00d6R\u00dcNT\u00dcLE<\/span><\/a><\/div><\/div>\n<\/div><\/div>\n\n\n\n<div class=\"wp-block-kadence-column inner-column-2 kadence-column_c5253b-3e\"><div class=\"kt-inside-inner-col\"><style id=\"kb-image_1b6355-df\">.kb-image_1b6355-df.kb-image-is-ratio-size, .kb-image_1b6355-df .kb-image-is-ratio-size{max-width:495px;width:100%;}.kb-image_1b6355-df figure{max-width:495px;}<\/style>\n<div class=\"wp-block-kadence-image kb-image_1b6355-df\"><figure class=\"aligncenter size-medium_large\"><img loading=\"lazy\" decoding=\"async\" width=\"768\" height=\"512\" src=\"http:\/\/demo2.mehmetulus.com.tr\/wp-content\/uploads\/2022\/11\/zeytin-yagi-768x512.jpg\" alt=\"\" class=\"kb-img wp-image-165\" srcset=\"https:\/\/demo2.mehmetulus.com.tr\/wp-content\/uploads\/2022\/11\/zeytin-yagi-768x512.jpg 768w, https:\/\/demo2.mehmetulus.com.tr\/wp-content\/uploads\/2022\/11\/zeytin-yagi-300x200.jpg 300w, https:\/\/demo2.mehmetulus.com.tr\/wp-content\/uploads\/2022\/11\/zeytin-yagi-420x280.jpg 420w, https:\/\/demo2.mehmetulus.com.tr\/wp-content\/uploads\/2022\/11\/zeytin-yagi-414x276.jpg 414w, https:\/\/demo2.mehmetulus.com.tr\/wp-content\/uploads\/2022\/11\/zeytin-yagi-800x534.jpg 800w, https:\/\/demo2.mehmetulus.com.tr\/wp-content\/uploads\/2022\/11\/zeytin-yagi.jpg 1000w\" sizes=\"auto, (max-width: 768px) 100vw, 768px\" \/><\/figure><\/div>\n<\/div><\/div>\n<\/div><\/div><\/div>\n","protected":false},"excerpt":{"rendered":"<p>GIDA G\u00dcVENL\u0130\u011e\u0130Y\u00d6NET\u0130M S\u0130STEM\u0130 \u015eirketimiz bir kalite g\u00fcvence sistemi uygulamaktad\u0131r ve ISO 22000:2005 g\u0131da kalite g\u00fcvence sistemleri sertifikas\u0131na sahiptir. HELAL GIDABELGES\u0130 Tavananna, HELAL INTERNATIONAL AUTHORITY&#8217;den (HIA) bir denetime tabi tutuldu ve ard\u0131ndan \u015firkete, \u015firket \u00fcr\u00fcnleri ve s\u00fcre\u00e7leri i\u00e7in HELAL sertifikas\u0131 (\u0130slam&#8217;a g\u00f6re safl\u0131\u011f\u0131n tan\u0131m\u0131) verildi. ZEYT\u0130NYA\u011eI ANAL\u0130ZSONU\u00c7LARI 100 gr zeytinya\u011f\u0131ndaki &#8220;oleik asit&#8221; y\u00fczdesinin belirlenmesidir. % 1&#8217;e&#8230;<\/p>\n","protected":false},"author":1,"featured_media":22,"parent":0,"menu_order":0,"comment_status":"closed","ping_status":"closed","template":"","meta":{"_kad_post_transparent":"","_kad_post_title":"","_kad_post_layout":"","_kad_post_sidebar_id":"","_kad_post_content_style":"","_kad_post_vertical_padding":"","_kad_post_feature":"","_kad_post_feature_position":"","_kad_post_header":false,"_kad_post_footer":false,"footnotes":""},"class_list":["post-143","page","type-page","status-publish","has-post-thumbnail","hentry"],"_links":{"self":[{"href":"https:\/\/demo2.mehmetulus.com.tr\/index.php?rest_route=\/wp\/v2\/pages\/143","targetHints":{"allow":["GET"]}}],"collection":[{"href":"https:\/\/demo2.mehmetulus.com.tr\/index.php?rest_route=\/wp\/v2\/pages"}],"about":[{"href":"https:\/\/demo2.mehmetulus.com.tr\/index.php?rest_route=\/wp\/v2\/types\/page"}],"author":[{"embeddable":true,"href":"https:\/\/demo2.mehmetulus.com.tr\/index.php?rest_route=\/wp\/v2\/users\/1"}],"replies":[{"embeddable":true,"href":"https:\/\/demo2.mehmetulus.com.tr\/index.php?rest_route=%2Fwp%2Fv2%2Fcomments&post=143"}],"version-history":[{"count":16,"href":"https:\/\/demo2.mehmetulus.com.tr\/index.php?rest_route=\/wp\/v2\/pages\/143\/revisions"}],"predecessor-version":[{"id":167,"href":"https:\/\/demo2.mehmetulus.com.tr\/index.php?rest_route=\/wp\/v2\/pages\/143\/revisions\/167"}],"wp:featuredmedia":[{"embeddable":true,"href":"https:\/\/demo2.mehmetulus.com.tr\/index.php?rest_route=\/wp\/v2\/media\/22"}],"wp:attachment":[{"href":"https:\/\/demo2.mehmetulus.com.tr\/index.php?rest_route=%2Fwp%2Fv2%2Fmedia&parent=143"}],"curies":[{"name":"wp","href":"https:\/\/api.w.org\/{rel}","templated":true}]}}