{"id":108,"date":"2022-11-02T21:13:14","date_gmt":"2022-11-02T18:13:14","guid":{"rendered":"http:\/\/demo2.mehmetulus.com.tr\/?page_id=108"},"modified":"2022-11-02T21:18:43","modified_gmt":"2022-11-02T18:18:43","slug":"binlerce-yil-once","status":"publish","type":"page","link":"https:\/\/demo2.mehmetulus.com.tr\/?page_id=108","title":{"rendered":"Binlerce y\u0131l \u00f6nce"},"content":{"rendered":"<style id=\"kb-advancedheading_4005d6-5b\">#kt-adv-heading_4005d6-5b, #kt-adv-heading_4005d6-5b .wp-block-kadence-advancedheading, .wp-block-kadence-advancedheading.kt-adv-heading_4005d6-5b[data-kb-block=\"kb-adv-heading_4005d6-5b\"], .kadence-advanced-heading-wrapper .kt-adv-heading_4005d6-5b[data-kb-block=\"kb-adv-heading_4005d6-5b\"]{text-align:center;line-height:14px;}<\/style>\n<h2 class=\"kt-adv-heading_4005d6-5b wp-block-kadence-advancedheading\" data-kb-block=\"kb-adv-heading_4005d6-5b\">Tarih\u00e7e<\/h2>\n\n\n<style id=\"kb-advancedheading_0209d1-3b\">#kt-adv-heading_0209d1-3b, #kt-adv-heading_0209d1-3b .wp-block-kadence-advancedheading, .wp-block-kadence-advancedheading.kt-adv-heading_0209d1-3b[data-kb-block=\"kb-adv-heading_0209d1-3b\"], .kadence-advanced-heading-wrapper .kt-adv-heading_0209d1-3b[data-kb-block=\"kb-adv-heading_0209d1-3b\"]{text-align:center;}<\/style>\n<p class=\"kt-adv-heading_0209d1-3b wp-block-kadence-advancedheading has-theme-palette-6-color has-text-color\" data-kb-block=\"kb-adv-heading_0209d1-3b\"><em>Akdeniz mutfa\u011f\u0131n\u0131n eski geleneksel tad\u0131<\/em><\/p>\n\n\n\n<p class=\"kt-adv-heading_18722c-2e wp-block-kadence-advancedheading\" data-kb-block=\"kb-adv-heading_18722c-2e\">Akdeniz&#8217;in geleneksel \u00fcr\u00fcn\u00fc zeytin, bin y\u0131ll\u0131k bir k\u00fclt\u00fcr\u00fcn ad\u0131d\u0131r\u2026 Ve zeytin a\u011fac\u0131n\u0131n yakla\u015f\u0131k 40 bin y\u0131ll\u0131k bir ge\u00e7mi\u015fi vard\u0131r. Anadolu, tarih boyunca zeytin k\u00fclt\u00fcr\u00fcn\u00fcn en \u00f6nemli merkezlerinden biri olarak \u00f6ne \u00e7\u0131k\u0131yor. Yani Anadolu ve \u00f6zellikle Ege k\u0131y\u0131lar\u0131 zeytinin anavatan\u0131d\u0131r\u2026<\/p>\n\n\n\n<p class=\"kt-adv-heading_dac4eb-79 wp-block-kadence-advancedheading\" data-kb-block=\"kb-adv-heading_dac4eb-79\">T\u00fcrkler, Anadolu&#8217;ya ayak bast\u0131klar\u0131 11. y\u00fczy\u0131lda zeytin ve zeytinya\u011f\u0131 yeti\u015ftirmeye ve \u00fcretmeye ilgi duymaya ba\u015flad\u0131lar. De\u011firmen olarak da bilinen preslerde zeytinya\u011f\u0131 \u00fcrettiler. Osmanl\u0131 Devleti&#8217;nin hukuk kitaplar\u0131nda zeytinya\u011f\u0131n\u0131n \u00fcretimi, vergilendirilmesi ve pazarlanmas\u0131 belirli h\u00fck\u00fcmlerle d\u00fczenlenmi\u015ftir. Ayval\u0131k&#8217;\u0131n en \u00f6nemli \u00fcretim merkezi oldu\u011fu Ege b\u00f6lgesinden elde edilen zeytinya\u011f\u0131n\u0131n b\u00fcy\u00fck bir k\u0131sm\u0131 \u0130stanbul&#8217;a sa\u011fland\u0131.<\/p>\n\n\n\n<p class=\"kt-adv-heading_e46608-f4 wp-block-kadence-advancedheading\" data-kb-block=\"kb-adv-heading_e46608-f4\">\u201cZeytin anavatan\u0131 Anadolu ise, ba\u015fkenti Ege k\u0131y\u0131lar\u0131d\u0131r\u201d s\u00f6z\u00fc abart\u0131 olmaz. M\u00fcltecilerin \u00e7o\u011fu zeytin \u00fcretimi konusunda deneyime sahip oldu\u011fundan, bu asl\u0131nda hem m\u00fcbadele \u00f6ncesi hem de sonras\u0131nda bir ger\u00e7ekti.<\/p>\n\n\n\n<div class=\"wp-block-kadence-column inner-column-1 kadence-column_20a09c-bc\"><div class=\"kt-inside-inner-col\">\n<div class=\"wp-block-columns is-layout-flex wp-container-core-columns-is-layout-9d6595d7 wp-block-columns-is-layout-flex\">\n<div class=\"wp-block-column is-layout-flow wp-block-column-is-layout-flow\">\n<h3 class=\"kt-adv-heading_1487be-2a wp-block-kadence-advancedheading\" data-kb-block=\"kb-adv-heading_1487be-2a\">ZEYT\u0130N A\u011eACI<\/h3>\n\n\n\n<p>Bu zeytin a\u011fac\u0131 kendini yenileyen bir \u00e7e\u015fittir\u2026 Ancak yava\u015f yava\u015f b\u00fcy\u00fcr ve emek ister. Zeytin a\u011fac\u0131 ancak ekimden 10 y\u0131l sonra hasat vermeye ba\u015flar ve uzun bir \u00f6mre sahiptir. Y\u00fcksekli\u011fi 10 metreye kadar ate\u015f edebilir. Kire\u00e7li, \u00e7ak\u0131ll\u0131, \u00e7ak\u0131ll\u0131 ve kurak topraklardan ho\u015flan\u0131r. Zeytin a\u011fac\u0131 yaz\u0131n s\u0131ca\u011f\u0131ndan \u015fikayet etmez ve \u0131l\u0131k k\u0131\u015flar\u0131 tercih eder. I\u015f\u0131\u011f\u0131 sever ve g\u00fcne\u015fin dostudur.<\/p>\n\n\n\n<p>Zeytin a\u011fa\u00e7lar\u0131 may\u0131s ay\u0131n\u0131n ortalar\u0131nda \u00e7i\u00e7ek a\u00e7maya ba\u015flarken, \u00e7i\u00e7ekler haziran ba\u015f\u0131nda tomurcuklara d\u00f6n\u00fc\u015f\u00fcr. Temmuz ay\u0131nda tomurcuklar, daha sonra ye\u015fil zeytin olarak olgunla\u015fan zeytinlere d\u00f6n\u00fc\u015f\u00fcr. A\u011fustos, \u00e7ekirde\u011fin sertle\u015fti\u011fi ve tanenin b\u00fcy\u00fcd\u00fc\u011f\u00fc ayd\u0131r. Sonunda hasat Ekim ay\u0131nda ba\u015flar ve birka\u00e7 ay devam eder.<\/p>\n\n\n\n<p>Zeytin toplama y\u00f6ntemleri binlerce y\u0131ld\u0131r nadiren de\u011fi\u015fmi\u015ftir; ya elle yolma ya da sallamad\u0131r. \u00c7o\u011funlukla sallama y\u00f6ntemi tercih edilir.<\/p>\n\n\n\n<p>Kaliteli zeytinya\u011f\u0131 elde etmek i\u00e7in zeytinlerin hasattan sonra m\u00fcmk\u00fcn olan en k\u0131sa s\u00fcrede i\u015flenmesi gerekir. Bekletilirse zeytin fermente olur ve zeytinya\u011f\u0131n\u0131n kalitesi d\u00fc\u015fer.<\/p>\n\n\n\n<p>Zeytinya\u011f\u0131n\u0131n asitli\u011fi asl\u0131nda ya\u011fdaki oleik asit miktar\u0131d\u0131r. \u00d6rne\u011fin asit oran\u0131 %1 ise 100 gram ya\u011fda 1 gram oleik asit vard\u0131r. Asitlik seviyesi ya\u011f\u0131n kalitesini belirler.<\/p>\n\n\n\n<p>Zeytin a\u011fac\u0131n\u0131n \u00f6zellikleri, zeytinin yeti\u015fti\u011fi b\u00f6lge, bu b\u00f6lgenin iklim ko\u015fullar\u0131 ve toprak \u00f6zellikleri e\u015fsiz Ege zeytinya\u011f\u0131n\u0131n lezzetini bu kadar \u00f6zel k\u0131l\u0131yor..<\/p>\n<\/div>\n\n\n\n<div class=\"wp-block-column is-layout-flow wp-block-column-is-layout-flow\">\n<h3 class=\"kt-adv-heading_78d91f-9a wp-block-kadence-advancedheading\" data-kb-block=\"kb-adv-heading_78d91f-9a\">GELENEK<\/h3>\n\n\n\n<p>3000 y\u0131l \u00f6nce T\u00fcrkiye&#8217;nin bat\u0131s\u0131nda ortaya \u00e7\u0131kan \u0130yon kenti Klazomenai, zeytinya\u011f\u0131 \u00fcretimine dayal\u0131 ekonomik refah\u0131yla biliniyordu. <\/p>\n\n\n\n<p>Klazomenai kal\u0131nt\u0131lar\u0131, Ege Denizi&#8217;nde, \u0130zmir K\u00f6rfezi&#8217;nin g\u00fcney k\u0131y\u0131s\u0131nda, Urla il\u00e7esi tarlalar\u0131nda; Herodot&#8217;un ger\u00e7ekten m\u00fckemmel bir Akdeniz iklimi ile kutsanm\u0131\u015f olarak adland\u0131rd\u0131\u011f\u0131 bir b\u00f6lge. <\/p>\n\n\n\n<p>Bu b\u00f6lgede yap\u0131lan kaz\u0131lar, bilinen en eski zeytin i\u015fleme tesisini ortaya \u00e7\u0131karm\u0131\u015f ve Anadolu&#8217;nun zeytin yeti\u015ftiricili\u011fi ve teknolojisinin geli\u015fimindeki \u00f6nemini ortaya koymu\u015ftur. Bu, arkeologlar\u0131n \u00f6nemli bir \u00fcretim kapasitesinde \u00e7al\u0131\u015fan eksiksiz bir zeytinya\u011f\u0131 fabrikas\u0131 ke\u015ffetti\u011fi ilk zamand\u0131. <\/p>\n\n\n\n<p>\u00dc\u00e7 b\u00f6lmeli ya\u011f ayr\u0131\u015ft\u0131rma sistemi ile kesintisiz \u00fcretim ilk olarak burada ger\u00e7ekle\u015ftirilmi\u015f ve Klazomenai&#8217;nin \u00e7a\u011fda\u015flar\u0131ndan \u00e7ok daha ileri teknolojiye sahip oldu\u011funu g\u00f6stermi\u015ftir. Ayr\u0131ca kaz\u0131lar, zeytinya\u011f\u0131 \u00fcretiminin kentin ana faaliyetlerinden biri oldu\u011funu ve M\u00d6 6. y\u00fczy\u0131l\u0131n ikinci yar\u0131s\u0131nda Klazomenliler i\u00e7in \u00f6nemli bir ticaret mal\u0131 haline geldi\u011fini g\u00f6stermi\u015ftir. <\/p>\n\n\n\n<p>Klazomenai kaz\u0131lar\u0131n\u0131n 2002 y\u0131l\u0131nda tamamlanmas\u0131n\u0131n ard\u0131ndan ortaya \u00e7\u0131kar\u0131lan antik zeytinya\u011f\u0131 fabrikas\u0131 iki y\u0131l i\u00e7inde asl\u0131na uygun olarak restore edilmi\u015ftir. Ard\u0131ndan Anadolu&#8217;nun bu as\u0131rl\u0131k zeytinya\u011f\u0131 fabrikas\u0131 yeniden \u00e7al\u0131\u015fmaya ba\u015flad\u0131 ve 3000 y\u0131l sonra 10 Kas\u0131m 2004&#8217;te ilk \u00fcretim denemesinde ilk zeytinya\u011f\u0131 elde edildi.<\/p>\n<\/div>\n<\/div>\n<\/div><\/div>\n","protected":false},"excerpt":{"rendered":"<p>Tarih\u00e7e Akdeniz mutfa\u011f\u0131n\u0131n eski geleneksel tad\u0131 Akdeniz&#8217;in geleneksel \u00fcr\u00fcn\u00fc zeytin, bin y\u0131ll\u0131k bir k\u00fclt\u00fcr\u00fcn ad\u0131d\u0131r\u2026 Ve zeytin a\u011fac\u0131n\u0131n yakla\u015f\u0131k 40 bin y\u0131ll\u0131k bir ge\u00e7mi\u015fi vard\u0131r. Anadolu, tarih boyunca zeytin k\u00fclt\u00fcr\u00fcn\u00fcn en \u00f6nemli merkezlerinden biri olarak \u00f6ne \u00e7\u0131k\u0131yor. Yani Anadolu ve \u00f6zellikle Ege k\u0131y\u0131lar\u0131 zeytinin anavatan\u0131d\u0131r\u2026 T\u00fcrkler, Anadolu&#8217;ya ayak bast\u0131klar\u0131 11. y\u00fczy\u0131lda zeytin ve zeytinya\u011f\u0131 yeti\u015ftirmeye&#8230;<\/p>\n","protected":false},"author":1,"featured_media":109,"parent":0,"menu_order":0,"comment_status":"closed","ping_status":"closed","template":"","meta":{"_kad_post_transparent":"","_kad_post_title":"","_kad_post_layout":"","_kad_post_sidebar_id":"","_kad_post_content_style":"","_kad_post_vertical_padding":"","_kad_post_feature":"","_kad_post_feature_position":"","_kad_post_header":false,"_kad_post_footer":false,"footnotes":""},"class_list":["post-108","page","type-page","status-publish","has-post-thumbnail","hentry"],"_links":{"self":[{"href":"https:\/\/demo2.mehmetulus.com.tr\/index.php?rest_route=\/wp\/v2\/pages\/108","targetHints":{"allow":["GET"]}}],"collection":[{"href":"https:\/\/demo2.mehmetulus.com.tr\/index.php?rest_route=\/wp\/v2\/pages"}],"about":[{"href":"https:\/\/demo2.mehmetulus.com.tr\/index.php?rest_route=\/wp\/v2\/types\/page"}],"author":[{"embeddable":true,"href":"https:\/\/demo2.mehmetulus.com.tr\/index.php?rest_route=\/wp\/v2\/users\/1"}],"replies":[{"embeddable":true,"href":"https:\/\/demo2.mehmetulus.com.tr\/index.php?rest_route=%2Fwp%2Fv2%2Fcomments&post=108"}],"version-history":[{"count":3,"href":"https:\/\/demo2.mehmetulus.com.tr\/index.php?rest_route=\/wp\/v2\/pages\/108\/revisions"}],"predecessor-version":[{"id":114,"href":"https:\/\/demo2.mehmetulus.com.tr\/index.php?rest_route=\/wp\/v2\/pages\/108\/revisions\/114"}],"wp:featuredmedia":[{"embeddable":true,"href":"https:\/\/demo2.mehmetulus.com.tr\/index.php?rest_route=\/wp\/v2\/media\/109"}],"wp:attachment":[{"href":"https:\/\/demo2.mehmetulus.com.tr\/index.php?rest_route=%2Fwp%2Fv2%2Fmedia&parent=108"}],"curies":[{"name":"wp","href":"https:\/\/api.w.org\/{rel}","templated":true}]}}